{"id":335,"date":"2018-09-10T17:46:38","date_gmt":"2018-09-10T17:46:38","guid":{"rendered":"http:\/\/der-homberger.de\/?page_id=335"},"modified":"2019-10-23T19:33:54","modified_gmt":"2019-10-23T19:33:54","slug":"flughafentransfer","status":"publish","type":"page","link":"https:\/\/der-homberger.de\/?page_id=335","title":{"rendered":"Flughafentransfer"},"content":{"rendered":"\n<p align=\"justify\">Geht es in den sonnigen S\u00fcden? Der wohl verdiente Urlaub ruft? Unbeschwert zum Flughafen: P\u00fcnktlich und zuverl\u00e4ssig bringen wir sie hin und auch wieder zur\u00fcck! Und wenn Sie nicht in die Luft gehen wollen, bringen wir Sie auch zu Ihrem Wunschbahnhof. Damit jede Reise entspannt beginnen kann.<\/p>\n\n\n\n<div class=\"wp-block-image\"><figure class=\"aligncenter\"><img loading=\"lazy\" decoding=\"async\" width=\"799\" height=\"229\" src=\"https:\/\/der-homberger.de\/wp-content\/uploads\/Taxiruf.jpg\" alt=\"\" class=\"wp-image-1141\" srcset=\"https:\/\/der-homberger.de\/wp-content\/uploads\/Taxiruf.jpg 799w, https:\/\/der-homberger.de\/wp-content\/uploads\/Taxiruf-150x43.jpg 150w, https:\/\/der-homberger.de\/wp-content\/uploads\/Taxiruf-300x86.jpg 300w, https:\/\/der-homberger.de\/wp-content\/uploads\/Taxiruf-768x220.jpg 768w\" sizes=\"auto, (max-width: 799px) 100vw, 799px\" \/><figcaption><strong>IHR Taxiruf!<\/strong><\/figcaption><\/figure><\/div>\n\n\n\n<p align=\"justify\">Preise zu den Flugh\u00e4fen D\u00fcsseldorf, Weeze, K\u00f6ln\/Bonn, Dortmund und Frankfurt sind gesondert zu erfragen.<\/p>\n","protected":false},"excerpt":{"rendered":"<p>Geht es in den sonnigen S\u00fcden? Der wohl verdiente Urlaub ruft? Unbeschwert zum Flughafen: P\u00fcnktlich und zuverl\u00e4ssig bringen wir sie hin und auch wieder zur\u00fcck! Und wenn Sie nicht in die Luft gehen wollen, bringen wir Sie auch zu Ihrem Wunschbahnhof. Damit jede Reise entspannt beginnen kann. Preise zu den Flugh\u00e4fen D\u00fcsseldorf, Weeze, K\u00f6ln\/Bonn, Dortmund [&hellip;]<\/p>\n","protected":false},"author":2,"featured_media":347,"parent":0,"menu_order":0,"comment_status":"closed","ping_status":"closed","template":"","meta":{"ngg_post_thumbnail":0,"footnotes":""},"class_list":["post-335","page","type-page","status-publish","has-post-thumbnail","hentry","post","post-with-thumbnail","post-with-thumbnail-large"],"_links":{"self":[{"href":"https:\/\/der-homberger.de\/index.php?rest_route=\/wp\/v2\/pages\/335","targetHints":{"allow":["GET"]}}],"collection":[{"href":"https:\/\/der-homberger.de\/index.php?rest_route=\/wp\/v2\/pages"}],"about":[{"href":"https:\/\/der-homberger.de\/index.php?rest_route=\/wp\/v2\/types\/page"}],"author":[{"embeddable":true,"href":"https:\/\/der-homberger.de\/index.php?rest_route=\/wp\/v2\/users\/2"}],"replies":[{"embeddable":true,"href":"https:\/\/der-homberger.de\/index.php?rest_route=%2Fwp%2Fv2%2Fcomments&post=335"}],"version-history":[{"count":22,"href":"https:\/\/der-homberger.de\/index.php?rest_route=\/wp\/v2\/pages\/335\/revisions"}],"predecessor-version":[{"id":1195,"href":"https:\/\/der-homberger.de\/index.php?rest_route=\/wp\/v2\/pages\/335\/revisions\/1195"}],"wp:featuredmedia":[{"embeddable":true,"href":"https:\/\/der-homberger.de\/index.php?rest_route=\/wp\/v2\/media\/347"}],"wp:attachment":[{"href":"https:\/\/der-homberger.de\/index.php?rest_route=%2Fwp%2Fv2%2Fmedia&parent=335"}],"curies":[{"name":"wp","href":"https:\/\/api.w.org\/{rel}","templated":true}]}}