{"id":262,"date":"2018-09-04T16:26:57","date_gmt":"2018-09-04T16:26:57","guid":{"rendered":"http:\/\/der-homberger.de\/?page_id=262"},"modified":"2019-10-28T15:13:38","modified_gmt":"2019-10-28T15:13:38","slug":"team","status":"publish","type":"page","link":"https:\/\/der-homberger.de\/?page_id=262","title":{"rendered":"Team"},"content":{"rendered":"<p align=\"justify\">Unser Team &#8211; zuvorkommende Fahrer und freundliche Mitarbeiter stehen Ihnen immer zur Verf\u00fcgung. Rufen Sie uns an unter <strong>020661500<\/strong> oder schreiben Sie. Wir freuen uns!<\/p>\n\n\n<hr class=\"wp-block-separator\"\/>\n\n\n\n<div class=\"wp-block-columns has-2-columns is-layout-flex wp-container-core-columns-is-layout-9d6595d7 wp-block-columns-is-layout-flex\">\n<div class=\"wp-block-column is-layout-flow wp-block-column-is-layout-flow\">\n<p><img loading=\"lazy\" decoding=\"async\" class=\"size-full wp-image-1209 aligncenter\" src=\"https:\/\/der-homberger.de\/wp-content\/uploads\/Logo-initial-H.jpg\" alt=\"\" width=\"188\" height=\"96\" srcset=\"https:\/\/der-homberger.de\/wp-content\/uploads\/Logo-initial-H.jpg 188w, https:\/\/der-homberger.de\/wp-content\/uploads\/Logo-initial-H-150x77.jpg 150w\" sizes=\"auto, (max-width: 188px) 100vw, 188px\" \/><\/p>\n<\/div>\n\n\n\n<div class=\"wp-block-column is-layout-flow wp-block-column-is-layout-flow\">\n<p><strong>Abteilung Gesch\u00e4ftsf\u00fchrung:<\/strong><\/p>\n<p>Mareike Nu\u00dfbaum<\/p>\n<p><a href=\"mailto:info@der-homberger.de\" target=\"_blank\" rel=\"noopener noreferrer\">info@der-homberger.de<\/a> oder<\/p>\n<p><a href=\"mailto:mareike.nussbaum@der-homberger.de\" target=\"_blank\" rel=\"noopener noreferrer\">mareike.nussbaum@der-homberger.de<\/a><\/p>\n<\/div>\n<\/div>\n\n\n\n<hr class=\"wp-block-separator\"\/>\n\n\n\n<div class=\"wp-block-columns has-2-columns is-layout-flex wp-container-core-columns-is-layout-9d6595d7 wp-block-columns-is-layout-flex\">\n<div class=\"wp-block-column is-layout-flow wp-block-column-is-layout-flow\">\n<p><img loading=\"lazy\" decoding=\"async\" class=\"size-full wp-image-1209 aligncenter\" src=\"https:\/\/der-homberger.de\/wp-content\/uploads\/Logo-initial-H.jpg\" alt=\"\" width=\"188\" height=\"96\" srcset=\"https:\/\/der-homberger.de\/wp-content\/uploads\/Logo-initial-H.jpg 188w, https:\/\/der-homberger.de\/wp-content\/uploads\/Logo-initial-H-150x77.jpg 150w\" sizes=\"auto, (max-width: 188px) 100vw, 188px\" \/><\/p>\n<\/div>\n\n\n\n<div class=\"wp-block-column is-layout-flow wp-block-column-is-layout-flow\">\n<p><strong>Abteilung Buchhaltung\/Personal:<\/strong><\/p>\n<p>B\u00e4rbel Schott<\/p>\n<p><a href=\"mailto:info@der-homberger.de\" target=\"_blank\" rel=\"noopener noreferrer\">info@der-homberger.de<\/a> oder<\/p>\n<p><a href=\"mailto:baerbel.schott@der-homberger.de\" target=\"_blank\" rel=\"noopener noreferrer\">baerbel.schott@der-homberger.de<\/a><\/p>\n<\/div>\n<\/div>\n\n\n\n<hr class=\"wp-block-separator\"\/>\n\n\n\n<div class=\"wp-block-columns has-2-columns is-layout-flex wp-container-core-columns-is-layout-9d6595d7 wp-block-columns-is-layout-flex\">\n<div class=\"wp-block-column is-layout-flow wp-block-column-is-layout-flow\">\n<p><img loading=\"lazy\" decoding=\"async\" class=\"size-full wp-image-1209 aligncenter\" src=\"https:\/\/der-homberger.de\/wp-content\/uploads\/Logo-initial-H.jpg\" alt=\"\" width=\"188\" height=\"96\" srcset=\"https:\/\/der-homberger.de\/wp-content\/uploads\/Logo-initial-H.jpg 188w, https:\/\/der-homberger.de\/wp-content\/uploads\/Logo-initial-H-150x77.jpg 150w\" sizes=\"auto, (max-width: 188px) 100vw, 188px\" \/><\/p>\n<\/div>\n\n\n\n<div class=\"wp-block-column is-layout-flow wp-block-column-is-layout-flow\">\n<p><strong>Abteilung Rechnungswesen:<\/strong><\/p>\n<p>Ilka Duve<\/p>\n<p><a href=\"mailto:info@der-homberger.de\" target=\"_blank\" rel=\"noopener noreferrer\">info@der-homberger.de<\/a> oder<\/p>\n<p><a href=\"mailto:ilka.duve@der-homberger.de\" target=\"_blank\" rel=\"noopener noreferrer\">ilka.duve@der-homberger.de<\/a><\/p>\n<\/div>\n<\/div>\n\n\n\n<hr class=\"wp-block-separator\"\/>\n\n\n\n<div class=\"wp-block-columns has-2-columns is-layout-flex wp-container-core-columns-is-layout-9d6595d7 wp-block-columns-is-layout-flex\">\n<div class=\"wp-block-column is-layout-flow wp-block-column-is-layout-flow\">\n<p><img loading=\"lazy\" decoding=\"async\" class=\"size-full wp-image-1209 aligncenter\" src=\"https:\/\/der-homberger.de\/wp-content\/uploads\/Logo-initial-H.jpg\" alt=\"\" width=\"188\" height=\"96\" srcset=\"https:\/\/der-homberger.de\/wp-content\/uploads\/Logo-initial-H.jpg 188w, https:\/\/der-homberger.de\/wp-content\/uploads\/Logo-initial-H-150x77.jpg 150w\" sizes=\"auto, (max-width: 188px) 100vw, 188px\" \/><\/p>\n<\/div>\n\n\n\n<div class=\"wp-block-column is-layout-flow wp-block-column-is-layout-flow\">\n<p><strong>Abteilung Disposition Linie\/Reise:<\/strong><\/p>\n<p>Doris Berg<\/p>\n<p><a href=\"mailto:info@der-homberger.de\" target=\"_blank\" rel=\"noopener noreferrer\">info@der-homberger.de<\/a><\/p>\n<\/div>\n<\/div>\n\n\n\n<hr class=\"wp-block-separator\"\/>\n\n\n\n<div class=\"wp-block-columns has-2-columns is-layout-flex wp-container-core-columns-is-layout-9d6595d7 wp-block-columns-is-layout-flex\">\n<div class=\"wp-block-column is-layout-flow wp-block-column-is-layout-flow\">\n<p><img loading=\"lazy\" decoding=\"async\" class=\"alignnone size-full wp-image-1209 aligncenter\" src=\"https:\/\/der-homberger.de\/wp-content\/uploads\/Logo-initial-H.jpg\" alt=\"\" width=\"188\" height=\"96\" srcset=\"https:\/\/der-homberger.de\/wp-content\/uploads\/Logo-initial-H.jpg 188w, https:\/\/der-homberger.de\/wp-content\/uploads\/Logo-initial-H-150x77.jpg 150w\" sizes=\"auto, (max-width: 188px) 100vw, 188px\" \/><\/p>\n<\/div>\n\n\n\n<div class=\"wp-block-column is-layout-flow wp-block-column-is-layout-flow\">\n<p><strong>Abteilung Verwaltung:<\/strong><\/p>\n<p>Cathrin Dressler<\/p>\n<p><a href=\"mailto:info@der-homberger.de\" target=\"_blank\" rel=\"noopener noreferrer\">info@der-homberger.de<\/a> oder<\/p>\n<p><a href=\"mailto:cathrin.dressler@der-homberger.de\" target=\"_blank\" rel=\"noopener noreferrer\">cathrin.dressler@der-homberger.de<\/a><\/p>\n<\/div>\n<\/div>\n\n\n\n<hr class=\"wp-block-separator\"\/>\n\n\n\n<div class=\"wp-block-columns has-2-columns is-layout-flex wp-container-core-columns-is-layout-9d6595d7 wp-block-columns-is-layout-flex\">\n<div class=\"wp-block-column is-layout-flow wp-block-column-is-layout-flow\">\n<p><img loading=\"lazy\" decoding=\"async\" class=\"size-full wp-image-1209 aligncenter\" src=\"https:\/\/der-homberger.de\/wp-content\/uploads\/Logo-initial-H.jpg\" alt=\"\" width=\"188\" height=\"96\" srcset=\"https:\/\/der-homberger.de\/wp-content\/uploads\/Logo-initial-H.jpg 188w, https:\/\/der-homberger.de\/wp-content\/uploads\/Logo-initial-H-150x77.jpg 150w\" sizes=\"auto, (max-width: 188px) 100vw, 188px\" \/><\/p>\n<\/div>\n\n\n\n<div class=\"wp-block-column is-layout-flow wp-block-column-is-layout-flow\">\n<p><strong>Abteilung Werkstatt\/Dispo:<\/strong><\/p>\n<p>Wladis Wist<\/p>\n<p><a href=\"mailto:info@der-homberger.de\" target=\"_blank\" rel=\"noopener noreferrer\">info@der-homberger.de<\/a><\/p>\n<\/div>\n<\/div>\n\n\n\n<hr class=\"wp-block-separator\"\/>\n\n\n\n<div class=\"wp-block-columns has-2-columns is-layout-flex wp-container-core-columns-is-layout-9d6595d7 wp-block-columns-is-layout-flex\">\n<div class=\"wp-block-column is-layout-flow wp-block-column-is-layout-flow\">\n<p><img loading=\"lazy\" decoding=\"async\" class=\"size-full wp-image-1209 aligncenter\" src=\"https:\/\/der-homberger.de\/wp-content\/uploads\/Logo-initial-H.jpg\" alt=\"\" width=\"188\" height=\"96\" srcset=\"https:\/\/der-homberger.de\/wp-content\/uploads\/Logo-initial-H.jpg 188w, https:\/\/der-homberger.de\/wp-content\/uploads\/Logo-initial-H-150x77.jpg 150w\" sizes=\"auto, (max-width: 188px) 100vw, 188px\" \/><\/p>\n<\/div>\n\n\n\n<div class=\"wp-block-column is-layout-flow wp-block-column-is-layout-flow\">\n<p><strong>Abteilung Funkzentrale:<\/strong><\/p>\n<p>Bert Demandt<\/p>\n<p><a href=\"mailto:info@der-homberger.de\" target=\"_blank\" rel=\"noopener noreferrer\">info@der-homberger.de<\/a> oder<\/p>\n<p><a href=\"mailto:bert.demandt@der-homberger.de\" target=\"_blank\" rel=\"noopener noreferrer\">bert.demandt@der-homberger.de<\/a><\/p>\n<\/div>\n<\/div>\n\n\n\n<hr class=\"wp-block-separator\"\/>\n\n\n\n<div class=\"wp-block-columns has-2-columns is-layout-flex wp-container-core-columns-is-layout-9d6595d7 wp-block-columns-is-layout-flex\">\n<div class=\"wp-block-column is-layout-flow wp-block-column-is-layout-flow\">\n<p><img loading=\"lazy\" decoding=\"async\" class=\"alignnone size-full wp-image-1209 aligncenter\" src=\"https:\/\/der-homberger.de\/wp-content\/uploads\/Logo-initial-H.jpg\" alt=\"\" width=\"188\" height=\"96\" srcset=\"https:\/\/der-homberger.de\/wp-content\/uploads\/Logo-initial-H.jpg 188w, https:\/\/der-homberger.de\/wp-content\/uploads\/Logo-initial-H-150x77.jpg 150w\" sizes=\"auto, (max-width: 188px) 100vw, 188px\" \/><\/p>\n<\/div>\n\n\n\n<div class=\"wp-block-column is-layout-flow wp-block-column-is-layout-flow\">\n<p><strong>Abteilung Taxi:<\/strong><\/p>\n<p>Dmytro Akshyyakov<\/p>\n<p><a href=\"mailto:info@der-homberger.de\" target=\"_blank\" rel=\"noopener noreferrer\">info@der-homberger.de<\/a><\/p>\n<\/div>\n<\/div>\n\n\n\n<hr class=\"wp-block-separator\"\/>\n\n\n","protected":false},"excerpt":{"rendered":"<p>Unser Team &#8211; zuvorkommende Fahrer und freundliche Mitarbeiter stehen Ihnen immer zur Verf\u00fcgung. Rufen Sie uns an unter 020661500 oder schreiben Sie. Wir freuen uns! Abteilung Gesch\u00e4ftsf\u00fchrung: Mareike Nu\u00dfbaum info@der-homberger.de oder mareike.nussbaum@der-homberger.de Abteilung Buchhaltung\/Personal: B\u00e4rbel Schott info@der-homberger.de oder baerbel.schott@der-homberger.de Abteilung Rechnungswesen: Ilka Duve info@der-homberger.de oder ilka.duve@der-homberger.de Abteilung Disposition Linie\/Reise: Doris Berg info@der-homberger.de Abteilung Verwaltung: Cathrin [&hellip;]<\/p>\n","protected":false},"author":2,"featured_media":0,"parent":0,"menu_order":0,"comment_status":"closed","ping_status":"closed","template":"","meta":{"ngg_post_thumbnail":0,"footnotes":""},"class_list":["post-262","page","type-page","status-publish","hentry","post"],"_links":{"self":[{"href":"https:\/\/der-homberger.de\/index.php?rest_route=\/wp\/v2\/pages\/262","targetHints":{"allow":["GET"]}}],"collection":[{"href":"https:\/\/der-homberger.de\/index.php?rest_route=\/wp\/v2\/pages"}],"about":[{"href":"https:\/\/der-homberger.de\/index.php?rest_route=\/wp\/v2\/types\/page"}],"author":[{"embeddable":true,"href":"https:\/\/der-homberger.de\/index.php?rest_route=\/wp\/v2\/users\/2"}],"replies":[{"embeddable":true,"href":"https:\/\/der-homberger.de\/index.php?rest_route=%2Fwp%2Fv2%2Fcomments&post=262"}],"version-history":[{"count":34,"href":"https:\/\/der-homberger.de\/index.php?rest_route=\/wp\/v2\/pages\/262\/revisions"}],"predecessor-version":[{"id":1401,"href":"https:\/\/der-homberger.de\/index.php?rest_route=\/wp\/v2\/pages\/262\/revisions\/1401"}],"wp:attachment":[{"href":"https:\/\/der-homberger.de\/index.php?rest_route=%2Fwp%2Fv2%2Fmedia&parent=262"}],"curies":[{"name":"wp","href":"https:\/\/api.w.org\/{rel}","templated":true}]}}